prime factors of 160311?
3, 53437
List the prime factors of 1160686.
2, 580343
What are the prime factors of 487237?
17, 28661
List the prime factors of 3076272.
2, 3, 7121
What are the prime factors of 479071?
47, 10193
What are the prime factors of 3953617?
3953617
List the prime factors of 610673.
7, 23, 3793
What are the prime factors of 111146?
2, 7, 17, 467
What are the prime factors of 860061?
3, 286687
What are the prime factors of 1174094?
2, 29, 31, 653
What are the prime factors of 7944779?
7944779
List the prime factors of 8695792.
2, 7, 77641
What are the prime factors of 2910097?
19, 97, 1579
List the prime factors of 336032.
2, 10501
List the prime factors of 6767444.
2, 1691861
What are the prime factors of 28037257?
853, 32869
What are the prime factors of 360566?
2, 139, 1297
What are the prime factors of 3107837?
977, 3181
What are the prime factors of 18278780?
2, 5, 13, 229, 307
List the prime factors of 229323.
3, 76441
What are the prime factors of 2056674?
2, 3, 19, 18041
List the prime factors of 317946.
2, 3, 19, 2789
What are the prime factors of 13107361?
37, 354253
What are the prime factors of 1092553?
7, 11, 2027
What are the prime factors of 904348?
2, 226087
List the prime factors of 44201.
44201
What are the prime factors of 37915?
5, 7583
What are the prime factors of 2236517?
2236517
What are the prime factors of 3028734?
2, 3, 168263
List the prime factors of 2729365.
5, 545873
List the prime factors of 11589353.
463, 25031
What are the prime factors of 3517719?
3, 1172573
What are the prime factors of 5844761?
13, 19, 23663
What are the prime factors of 10606670?
2, 5, 269, 3943
List the prime factors of 19311178.
2, 9655589
List the prime factors of 4962543.
3, 79, 20939
What are the prime factors of 2154504?
2, 3, 11, 8161
List the prime factors of 37450024.
2, 4681253
What are the prime factors of 3038028?
2, 3, 7, 59, 613
What are the prime factors of 1157882?
2, 11, 52631
What are the prime factors of 6363206?
2, 3181603
List the prime factors of 535977.
3, 13, 509
List the prime factors of 116133.
3, 38711
List the prime factors of 11099904.
2, 3, 97, 149
What are the prime factors of 1183039?
11, 13, 8273
List the prime factors of 8411657.
89, 94513
What are the prime factors of 2959020?
2, 3, 5, 17, 967
List the prime factors of 701337.
3, 7, 13, 367
What are the prime factors of 1125762?
2, 3, 11, 37, 461
List the prime factors of 10767498.
2, 3, 7, 256369
List the prime factors of 1465550.
2, 5, 29311
What are the prime factors of 701751?
3, 233917
What are the prime factors of 37109?
43, 863
List the prime factors of 6170789.
193, 31973
What are the prime factors of 1670478?
2, 3, 278413
What are the prime factors of 1573705?
5, 7, 44963
What are the prime factors of 738030?
2, 3, 5, 73, 337
What are the prime factors of 14161522?
2, 67, 105683
What are the prime factors of 1088666?
2, 229, 2377
List the prime factors of 20055080.
2, 5, 23, 21799
What are the prime factors of 1397431?
7, 19, 79
List the prime factors of 493217.
493217
What are the prime factors of 201282?
2, 3, 33547
List the prime factors of 19020389.
373, 50993
What are the prime factors of 16653699?
3, 443, 4177
List the prime factors of 606356.
2, 17, 37, 241
What are the prime factors of 483134?
2, 241567
What are the prime factors of 444558?
2, 3, 74093
List the prime factors of 860069.
7, 122867
List the prime factors of 5704788.
2, 3, 19, 131, 191
What are the prime factors of 507184?
2, 31699
What are the prime factors of 1694256?
2, 3, 47, 751
List the prime factors of 1227610.
2, 5, 122761
List the prime factors of 5419574.
2, 2709787
List the prime factors of 24560962.
2, 2399, 5119
List the prime factors of 24292505.
5, 223, 21787
List the prime factors of 11437540.
2, 5, 571877
List the prime factors of 87435.
3, 5, 29, 67
List the prime factors of 104547.
3, 34849
List the prime factors of 722373.
3, 389, 619
List the prime factors of 1269670.
2, 5, 126967
List the prime factors of 392769.
3, 13, 373
List the prime factors of 8901014.
2, 4450507
What are the prime factors of 470506?
2, 43, 5471
List the prime factors of 1736834.
2, 11, 7177
List the prime factors of 65719.
65719
List the prime factors of 3953589.
3, 41, 32143
What are the prime factors of 216728?
2, 27091
List the prime factors of 588014.
2, 7, 97, 433
What are the prime factors of 23425631?
149, 157219
List the prime factors of 243927.
3, 27103
List the prime factors of 2057186.
2, 263, 3911
What are the prime factors of 438925?
5, 97, 181
List the prime factors of 12441177.
3, 7, 197479
List the prime factors of 371639.
371639
List the prime factors of 1233147.
3, 411049
List the prime factors of 171313.
163, 1051
What are the prime factors of 2767378?
2, 37, 37397
List the prime factors of 18032.
2, 7, 23
List the prime factors of 1091265.
3, 5, 7, 19, 547
List the prime factors of 528235.
5, 29, 3643
List the prime factors of 1785592.
2, 61, 3659
What are the prime factors of 2034410?
2, 5, 7, 29063
What are the prime factors of 493249?
493249
What are the prime factors of 3844063?
103, 37321
What are the prime factors of 280548?
2, 3, 7793
List the prime factors of 184491.
3, 6833
List the prime factors of 2945569.
11, 331, 809
What are the prime factors of 733108?
2, 17, 10781
What are the prime factors of 268844?
2, 67211
What are the prime factors of 853883?
53, 16111
List the prime factors of 3504495.
3, 5, 167, 1399
List the prime factors of 333794.
2, 47, 53, 67
List the prime factors of 857457.
3, 95273
What are the prime factors of 150728?
2, 83, 227
List the prime factors of 279706.
2, 7, 19979
What are the prime factors of 462729?
3, 154243
What are the prime factors of 9878038?
2, 29, 37, 4603
What are the prime factors of 3320461?
59, 167, 337
List the prime factors of 87926.
2, 43963
What are the prime factors of 29255?
5, 5851
List the prime factors of 340445.
5, 7, 71, 137
List the prime factors of 1131840.
2, 3, 5, 131
List the prime factors of 423376.
2, 47, 563
What are the prime factors of 682592?
2, 83, 257
List the prime factors of 5986934.
2, 29, 109, 947
List the prime factors of 38330.
2, 5, 3833
List the prime factors of 13639202.
2, 17, 467, 859
What are the prime factors of 769328?
2, 7, 6869
List the prime factors of 1700662.
2, 850331
List the prime factors of 131670.
2, 3, 5, 7, 11, 19
List the prime factors of 634661.
17, 37, 1009
What are the prime factors of 471398?
2, 235699
List the prime factors of 34543914.
2, 3, 71, 131, 619
What are the prime factors of 10749285?
3, 5, 29, 8237
What are the prime factors of 76614?
2, 3, 113
List the prime factors of 329161.
7, 59, 797
What are the prime factors of 2038952?
2, 254869
What are the prime factors of 241326?
2, 3, 41, 109
List the prime factors of 459335.
5, 91867
List the prime factors of 8017920.
2, 3, 5, 29
What are the prime factors of 523391?
11, 47581
What are the prime factors of 1192077?
3, 14717
List the prime factors of 6029521.
6029521
What are the prime factors of 2212085?
5, 97, 4561
List the prime factors of 3373297.
181, 18637
What are the prime factors of 2512540?
2, 5, 125627
List the prime factors of 268578.
2, 3, 43, 347
List the prime factors of 3065030.
2, 5, 306503
What are the prime factors of 1069970?
2, 5, 11, 71, 137
What are the prime factors of 19800296?
2, 43, 57559
What are the prime factors of 1614483?
3, 13, 13799
List the prime factors of 2928252.
2, 3, 244021
List the prime factors of 31353486.
2, 3, 257, 20333
What are the prime factors of 143225?
5, 17, 337
What are the prime factors of 335570?
2, 5, 23, 1459
List the prime factors of 425155.
5, 23, 3697
List the prime factors of 11859.
3, 59, 67
List the prime factors of 422020.
2, 5, 21101
List the prime factors of 92396.
2, 23099
What are the prime factors of 2650040?
2, 5, 97, 683
What are the prime factors of 1076226?
2, 3, 181, 991
List the prime factors of 205018.
2, 11, 9319
List the prime factors of 258186.
2, 3, 37, 1163
What are the prime factors of 13653803?
13653803
List the prime factors of 3592714.
2, 31, 57947
What are the prime factors of 20434529?
139, 147011
What are the prime factors of 1315840?
2, 5, 257
List the prime factors of 753206.
2, 376603
